 0*s - 433. Let a = 635 - l. What are the prime factors of a?
193
Let o(b) = 6*b**2 + 260*b - 93. Let n(d) = 2*d**2 + 87*d - 31. Let v(y) = 8*n(y) - 3*o(y). List the prime factors of v(-30).
751
Let w be (248 - -6) + -1*3. List the prime factors of (w/2)/(3 - 40/16).
251
Let h be -6*(-3)/(-2)*(0 - 1). Suppose -h*n + 14*n - 20 = 0. List the prime factors of ((-262)/n)/((-1)/2).
131
Let l(y) = -23*y - 14. Let g be ((-17)/(-6) + -3)/(1/(-6)). Suppose -8*o + g = 25. What are the prime factors of l(o)?
5, 11
What are the prime factors of ((-16 + 16586)/5)/((-2)/(-5))?
5, 1657
Suppose -2*f = -4, -4*n - 10*f = -9*f + 3514. Let t = 1287 + n. What are the prime factors of t?
2, 3, 17
Let p(q) = 75*q**3 - 8*q**2 - 35*q + 24. Let y(a) = 25*a**3 - 3*a**2 - 12*a + 8. Let r(d) = 3*p(d) - 8*y(d). List the prime factors of r(3).
2, 41
Suppose 4*g - 268 = 4. Suppose 0 = 5*m - 9*m + g. Let z = 0 + m. What are the prime factors of z?
17
Let h = 36580 - 17470. Suppose -15*b + 5*b + h = 0. List the prime factors of b.
3, 7, 13
Suppose -2*v = 3954 - 1088. Let i = -989 - v. What are the prime factors of i?
2, 3, 37
Let b = 31570 - 11732. What are the prime factors of b?
2, 7, 13, 109
Suppose -x = b + 3312, -b - 3320 = 5*x - 2*x. Let g = -1960 - b. What are the prime factors of g?
2, 337
Let i be 2286/(-2 + 8) + 1 + 1. Suppose 5*d = -2*m + d + 338, -i = -2*m + 5*d. Let v = 71 + m. What are the prime factors of v?
2, 5
Let o = -7 - 8. Let j = o - -17. Suppose j*m + 2 = 0, m = 5*c - 2*c - 343. What are the prime factors of c?
2, 3, 19
Suppose 0 = 79*f - 64*f + 120. Let l(s) = -s**3 - 6*s**2 - 44*s - 10. What are the prime factors of l(f)?
2, 5, 47
Let b(u) = 3*u**3 + 4*u**2 - 5*u + 2. Suppose 2 = -4*c + 22. Suppose -c = -8*t + 19. List the prime factors of b(t).
2, 13
Let p(u) be the first derivative of 23*u - 3/2*u**2 + 1/3*u**3 + 15. What are the prime factors of p(4)?
3
Let g be 560/90 + 4/(-18). Let c be 380/(-6)*(-9)/g. Suppose -49 = 3*h - 4*h + 4*z, -2*h + 5*z = -c. List the prime factors of h.
3, 5
Let v(k) = 6*k - 154. Let g be v(25). What are the prime factors of (134/g)/((-98)/1372)?
7, 67
Suppose -838886 = 23*v - 1083444 - 1257687. List the prime factors of v.
5, 13063
Suppose 3*b - 208 = 5*y - 10*y, 2*b = 4*y - 184. Suppose 55*t = 59*t - y. Suppose -3*o - t*o + 882 = 0. List the prime factors of o.
3, 7
Let w(j) = 67*j**3 - 24*j**2 + 26*j + 92. List the prime factors of w(10).
2, 23, 353
Suppose 15 = -39*d + 42*d. Suppose 0 = 2*y - 4*u + 26, -d*u - 4 = -29. What are the prime factors of (-230)/y + 5/15?
7, 11
Let r = -11180 - -19044. What are the prime factors of r?
2, 983
List the prime factors of 20*31/868 + 284545/7.
2, 3, 5, 271
Let a(i) = 7*i - 74. Let n be a(10). Let t(h) = -1. Let x(z) = -2*z**3 + 2*z**2 + 9*z - 17. Let j(p) = n*t(p) - x(p). List the prime factors of j(4).
3
Suppose 71*b - 1771852 - 321015 = 0. What are the prime factors of b?
7, 4211
Let k(y) = 24*y**2 - 2*y + 10. Let p be k(3). Suppose -6*l = -p - 164. Suppose 14*w = 18*w - l. What are the prime factors of w?
2
Suppose -3*u = -236 - 208. Suppose u = 3*h - 5*b, -4*h = -6*b + 2*b - 208. Suppose 61 = y - h. What are the prime factors of y?
3, 13
Suppose 0 = -3*a - 3*a + 1200. Suppose -3*n = -8*n + a. What are the prime factors of 16/n + (-2)/((-10)/183)?
37
Suppose -9*y + 7882 + 12818 = 0. Suppose -5*q - 3*b = -2316, 2*q + 3*q = 5*b + y. What are the prime factors of q?
2, 3, 7, 11
Let o(n) = n**3 - 14*n**2 + 26*n - 19. Let f be o(12). Suppose 3*x = -f*x + 1392. List the prime factors of x.
2, 3, 29
Let q(b) = 379*b**2 + 13*b + 3. List the prime factors of q(-4).
3, 5, 401
Let t = 595 + 10456. List the prime factors of t.
43, 257
Let s = -27 + 38. Let c = s - 3. What are the prime factors of 1*(-44)/c*22*-1?
11
Suppose 1868 = -7*r - 1744. List the prime factors of (-15)/(-2)*r/(-15) - 2.
2
Let p = 17631 - 11876. What are the prime factors of p?
5, 1151
Let n be (11/(-22))/(4/(-1152)). Let u = 160 + n. List the prime factors of u.
2, 19
Let f(a) = 0 - 35 + 5*a + 21*a. Let i be f(-5). Let d = 341 + i. What are the prime factors of d?
2, 11
Let k(u) be the third derivative of 79*u**4/24 - 4*u**3/3 - 28*u**2. List the prime factors of k(3).
229
Suppose -95 - 43 = -2*b. Let m = 286 - b. List the prime factors of m.
7, 31
Suppose 1 = 4*t - 4*n + 13, 3*t = -2*n - 24. Let d be -2*(3 + t + 0 - 1). List the prime factors of 820/d + 2/4*-1.
2, 3, 17
Let j(q) = -q - 1. Let a = 85 - 89. Let l(s) = -76*s - 8. Let u(v) = a*j(v) - l(v). List the prime factors of u(2).
2, 43
Suppose 0 = 5*w - 149 + 14. Suppose -6*y = -4*y + 2, -5*z + 5*y = -3095. Suppose 0 = w*l - 21*l - z. List the prime factors of l.
103
Let w = -116 + 116. Suppose w = 15*j - 16*j - 5*g + 932, -12 = 4*g. List the prime factors of j.
947
What are the prime factors of (41 - 16)/(-200) - ((-151809)/8 - 1)?
7, 2711
Suppose -13 = 5*h + 2*x - 6*x, -4*h - x = 2. Let b be h/(20/(-35))*4. Suppose 10*j - b*j = 516. List the prime factors of j.
2, 43
Let k = -5996 + 7661. What are the prime factors of k?
3, 5, 37
Suppose 0*f + 6*f - 54 = 0. Let c be 2*1 + -5 + f. Suppose -y - 95 = -c*y. List the prime factors of y.
19
Let l = 137 - 95. Let o be 4/(-10) + l/5. Let j(g) = -g**3 + 11*g**2 - 9*g - 9. What are the prime factors of j(o)?
3, 37
Let u(p) be the first derivative of 2*p + 26 - 17/2*p**2 + 22/3*p**3. List the prime factors of u(-3).
251
Suppose 2292 = 5*j + 3*r, 0 = 3*j - r + 247 - 1611. Let u = j - 428. What are the prime factors of u?
2, 7
Let h(x) = -x**2 - 23*x - 127. Let l be h(-12). Suppose 3*n = -3*t + 2124, 2*t + 3*t - l*n = 3540. List the prime factors of t.
2, 3, 59
Suppose v = -x + 7, -v = -3*x - 5*v + 23. Suppose -11831 = -442*j + 545. Suppose p - x*t - j = -t, p + 12 = -4*t. What are the prime factors of p?
2
Suppose 179*t + 1050 = 180*t. Suppose 3*g - f = 1836 - 266, -f = 2*g - t. What are the prime factors of g?
2, 131
Let i(j) = 129*j**2 - 205*j - 3359. List the prime factors of i(-18).
103, 409
Suppose -o + 4 = 0, 5*f + 34 = 2*f + o. Let b(p) = 2*p - p + 1 - 2*p. What are the prime factors of b(f)?
11
Suppose 17*x - 87154 - 11803 = 0. What are the prime factors of x?
5821
Let d(l) = -l**2 + 182. Let x be d(-9). Suppose -x = 30*f - 2651. List the prime factors of f.
5, 17
Let y = 22124 + -13137. What are the prime factors of y?
11, 19, 43
Let h(l) be the first derivative of 55*l**2/2 - 5*l + 2. Let z be 1 + 0 + (135/(-15) - -10). List the prime factors of h(z).
3, 5, 7
Suppose -11*m + 14 = -8. Suppose -4*p - 7 = 5*x, m*p + 4 = 2*x + 14. Suppose -3*f = -p*f - b - 72, -4*f = -b - 279. What are the prime factors of f?
3, 23
Let g = -32 - -142. Let i = -286 - -228. Let j = g + i. List the prime factors of j.
2, 13
Let o be 36/(-9) + (901 - (0 + -3)). Suppose 9*t - o = 612. List the prime factors of t.
2, 3, 7
Let w = 650 + -264. Suppose -2 = 3*p - 5*p, 2*p + w = y. What are the prime factors of y?
2, 97
Let l(p) = 7*p - 2 + 19*p - 3 - 41*p. Let a(o) = -o + 2. Let g be a(5). List the prime factors of l(g).
2, 5
Let c(k) = 2*k**3 - k**2 - 5*k + 3. Let t be c(2). Suppose -4*b + 6 = -3*s, -4*s + 5*s = -t*b + 17. List the prime factors of -3*s/(18/(-141)).
47
Suppose 5*i = 24 - 34. List the prime factors of (129 - i)/(-6 + 11 + -4).
131
Let b(a) = -5*a**3 - 10*a**2 - 24*a - 686. What are the prime factors of b(-17)?
21397
Suppose 1482 + 5584 = 2*q - 3*l, 4*l = 2*q - 7058. What are the prime factors of q?
5, 709
Suppose a = -2*j + 3, 0 = -3*j + a - 2*a + 6. Suppose 5*q = -j*k + 3126, 11*k - 8 = 7*k. What are the prime factors of q?
2, 3, 13
Let y(u) = -15*u + 1 + 12*u + 7*u - 17. Let v be y(4). Suppose -3*n - 11 + 110 = v. What are the prime factors of n?
3, 11
Suppose 1326 = -4*t + 7*t. Suppose 163 = 2*j - c - 276, 2*c = 2*j - t. What are the prime factors of j?
2, 109
Let t(h) = 5*h**2 + 55*h + 50. Let y be t(-10). Let o(p) = -2*p - 4*p**3 + 2*p**2 + 3*p**3 - 3*p**2 + 217. What are the prime factors of o(y)?
7, 31
Suppose 0 = 7*i - 3 - 11. Suppose -5*y + i*m + 30 = 0, -y - 2*m = -0*y - 18. Suppose y*o - 108 = 2*o. What are the prime factors of o?
2, 3
Let z = 110568 + -74328. List the prime factors of z.
2, 3, 5, 151
Let g = 45 - 301. List the prime factors of g/(-3)*(-21)/(-98)*7.
2
Let w = 60 - 118. Let y = 72 - w. List th